99?
6
What is the tens digit of 142?
4
What is the tens digit of 721?
2
What is the thousands digit of 9311?
9
What is the tens digit of 38761?
6
What is the units digit of 201?
1
What is the hundreds digit of 726?
7
What is the tens digit of 30230?
3
What is the tens digit of 4017?
1
What is the units digit of 412?
2
What is the hundreds digit of 763?
7
What is the ten thousands digit of 20656?
2
What is the hundreds digit of 718?
7
What is the units digit of 6125?
5
What is the units digit of 272?
2
What is the ten thousands digit of 49768?
4
What is the thousands digit of 5427?
5
What is the tens digit of 11235?
3
What is the thousands digit of 56383?
6
What is the tens digit of 108530?
3
What is the tens digit of 54722?
2
What is the hundreds digit of 2079?
0
What is the units digit of 7296?
6
What is the hundreds digit of 530?
5
What is the units digit of 518?
8
What is the hundreds digit of 889?
8
What is the hundreds digit of 1163?
1
What is the thousands digit of 77938?
7
What is the tens digit of 19057?
5
What is the units digit of 1441?
1
What is the hundreds digit of 1726?
7
What is the thousands digit of 1263?
1
What is the hundreds digit of 3687?
6
What is the hundreds digit of 4161?
1
What is the units digit of 2852?
2
What is the units digit of 49600?
0
What is the units digit of 514?
4
What is the thousands digit of 5896?
5
What is the units digit of 102433?
3
What is the thousands digit of 27534?
7
What is the hundreds digit of 7079?
0
What is the units digit of 345?
5
What is the units digit of 19853?
3
What is the hundreds digit of 1276?
2
What is the tens digit of 46845?
4
What is the thousands digit of 4892?
4
What is the ten thousands digit of 102672?
0
What is the hundreds digit of 5727?
7
What is the tens digit of 421?
2
What is the units digit of 4086?
6
What is the units digit of 89?
9
What is the hundreds digit of 44973?
9
What is the thousands digit of 11446?
1
What is the thousands digit of 1770?
1
What is the units digit of 9583?
3
What is the thousands digit of 56187?
6
What is the tens digit of 3685?
8
What is the ten thousands digit of 19192?
1
What is the thousands digit of 28262?
8
What is the ten thousands digit of 41368?
4
What is the ten thousands digit of 35397?
3
What is the tens digit of 8427?
2
What is the thousands digit of 2613?
2
What is the hundreds digit of 917?
9
What is the thousands digit of 2685?
2
What is the units digit of 5605?
5
What is the tens digit of 22?
2
What is the units digit of 146024?
4
What is the hundreds digit of 4179?
1
What is the tens digit of 192?
9
What is the units digit of 896?
6
What is the hundreds digit of 994?
9
What is the thousands digit of 89066?
9
What is the units digit of 3293?
3
What is the units digit of 12092?
2
What is the units digit of 4890?
0
What is the thousands digit of 2497?
2
What is the tens digit of 17830?
3
What is the thousands digit of 56915?
6
What is the tens digit of 76495?
9
What is the hundreds digit of 10088?
0
What is the units digit of 8979?
9
What is the units digit of 387?
7
What is the hundreds digit of 20335?
3
What is the tens digit of 122?
2
What is the thousands digit of 6388?
6
What is the tens digit of 256?
5
What is the units digit of 805?
5
What is the hundreds digit of 4696?
6
What is the tens digit of 52770?
7
What is the hundreds digit of 3099?
0
What is the tens digit of 561?
6
What is the thousands digit of 1891?
1
What is the tens digit of 92781?
8
What is the thousands digit of 9423?
9
What is the units digit of 6912?
2
What is the units digit of 8041?
1
What is the units digit of 1732?
2
What is the tens digit of 29958?
5
What is the ten thousands digit of 44792?
4
What is the units digit of 1787?
7
What is the units digit of 7834?
4
What is the units digit of 9887?
7
What is the tens digit of 800?
0
What is the hundreds digit of 2401?
4
What is the thousands digit of 10747?
0
What is the units digit of 167?
7
What is the hundreds digit of 1512?
5
What is the units digit of 4965?
5
What is the thousands digit of 1233?
1
What is the units digit of 2818?
8
What is the tens digit of 189?
8
What is the hundreds digit of 3634?
6
What is the thousands digit of 3672?
3
What is the thousands digit of 2894?
2
What is the thousands digit of 97225?
7
What is the tens digit of 16236?
3
What is the hundreds digit of 768?
7
What is the units digit of 12125?
5
What is the units digit of 1256?
6
What is the hundreds digit of 1867?
8
What is the thousands digit of 3261?
3
What is the tens digit of 986?
8
What is the units digit of 27837?
7
What is the units digit of 1062?
2
What is the hundreds digit of 526?
5
What is the hundreds digit of 1832?
8
What is the tens digit of 2957?
5
What is the units digit of 773?
3
What is the hundreds digit of 6464?
4
What is the tens digit of 339?
3
What is the thousands digit of 10578?
0
What is the tens digit of 587?
8
What is the thousands digit of 1602?
1
What is the units digit of 445?
5
What is the tens digit of 933?
3
What is the tens digit of 16666?
6
What is the units digit of 67934?
4
What is the tens digit of 1081?
8
What is the hundreds digit of 1017?
0
What is the units digit of 3237?
7
What is the hundreds digit of 65584?
5
What is the units digit of 2271?
1
What is the thousands digit of 13025?
3
What is the thousands digit of 4982?
4
What is the units digit of 60791?
1
What is the thousands digit of 8510?
8
What is the units digit of 2437?
7
What is the units digit of 1032?
2
What is the hundreds digit of 284?
2
What is the thousands digit of 3992?
3
What is the ten thousands digit of 10878?
1
What is the thousands digit of 7649?
7
What is the hundreds digit of 44407?
4
What is the tens digit of 35177?
7
What is the units digit of 317?
7
What is the thousands digit of 1937?
1
What is the thousands digit of 6166?
6
What is the units digit of 538?
8
What is the hundreds digit of 5522?
5
What is the units digit of 640?
0
What is the units digit of 4380?
0
What is the tens digit of 1398?
9
What is the tens digit of 2281?
8
What is the units digit of 33254?
4
What is the thousands digit of 1040?
1
What is the thousands digit of 1273?
1
What is the hundreds digit of 12331?
3
What is the tens digit of 2496?
9
What is the tens digit of 1485?
8
What is the units digit of 5525?
5
What is the hundreds digit of 2679?
6
What is the units digit of 7927?
7
What is the units digit of 36945?
5
What is the ten thousands digit of 32491?
3
What is the thousands digit of 20883?
0
What is the thousands digit of 2662?
2
What is the units digit of 8384?
4
What is the tens digit of 1214?
1
What is the hundreds digit of 8422?
4
What is the hundreds digit of 6576?
5
What is the units digit of 597?
7
What is the thousands digit of 10794?
0
What is the tens digit of 1340?
4
What is the hundreds digit of 41342?
3
What is the hundreds digit of 18798?
7
What is the thousands digit of 3669?
3
What is the units digit of 268?
8
What is the units digit of 8632?
2
What is the tens digit of 7352?
5
What is the units digit of 9588?
8
What is the thousands digit of 2914?
2
What is the units digit of 60841?
1
What is the tens digit of 782?
8
What is the hundreds digit of 867?
8
What is the units digit of 1266?
6
What is the hundreds digit of 4071?
0
What is the tens digit of 10570?
7
What is the ten thousands digit of 23923?
2
What is the thousands digit of 9427?
9
What is the hundreds digit of 3593?
5
What is the tens digit of 9008?
0
What is the thousands digit of 6669?
6
What is the hundreds digit of 115?
1
What is the units digit of 32652?
2
What is the thousands digit of 10485?
0
What is the thousands digit of 17935?
7
What is the units digit of 2238?
8
What is the tens digit of 2262?
6
What is the units digit of 4214?
4
What is the ten thousands digit of 85545?
8
What is the hundreds digit of 746?
7
What is the units digit of 802?
2
What is the tens digit of 749?
4
What is the thousands digit of 3078?
3
What is the units digit of 596?
6
What is the units digit of 136437?
7
What is the tens digit of 86196?
9
What is the thousands digit of 21986?
1
What is the thousands digit of 37583?
7
What is the units digit of 29395?
5
What is the thousands digit of 8878?
8
What is the hundreds digit of 761?
7
What is the tens 